-w**3 + 5*w**2 + 2*w - 1. Calculate the remainder when 240/(16 - 32) + 100 is divided by v(4).
16
Let y = -905 + 926. Calculate the remainder when 244 is divided by y.
13
Let k = -264 - -143. Let a be (-4 - k) + -3 + 7. Calculate the remainder when 7 is divided by (-53)/(-11) - (-22)/a.
2
Let s(j) = -491*j + 80. Let h be s(-5). Suppose 12*a - h = -a. Calculate the remainder when a is divided by 90.
15
Let n = 9785 - 9659. Let h = 2 + 24. Calculate the remainder when n is divided by h.
22
Suppose -2*v + 14 = -546. Let a = 220840 - 220793. Calculate the remainder when v is divided by a.
45
Let z(l) = -l**2 - 23*l + 26. Let o be z(-24). Calculate the remainder when (56440/(-36))/(-10) + o/9 is divided by 45.
22
Suppose 14*f - 16*f = 6. What is the remainder when (-246)/(-9) + (-1 - 5/f) is divided by 5?
3
Suppose -d + 46 = -29. Suppose -41 = -2*f + x, d = -0*f + 5*f + 3*x. What is the remainder when 501 is divided by f?
15
Let a be 6/4*(56/21 - 2). Let l(s) be the third derivative of 5*s**5/12 + s**4/8 + 9*s**2. What is the remainder when l(a) is divided by 8?
4
Let t(l) = -2*l**3 - 71*l**2 - 36*l + 287. Calculate the remainder when t(-37) is divided by 69.
68
Let l(a) = 10*a**3 + 3*a**2 - 7*a - 9. Let t(v) = -10*v**3 - 3*v**2 + 6*v + 8. Let x(i) = 4*l(i) + 5*t(i). Calculate the remainder when 474 is divided by x(-2).
66
Suppose -5*b + 57 = 2*q, 4*b + 36 - 69 = -q. What is the remainder when 1069 is divided by q?
19
Let m(t) = -33*t**2 + 1713*t - 60. What is the remainder when m(51) is divided by 482?
24
Let z = 155 - 106. Suppose s - 2*y - 5 = 0, -4*y + 0*y + 44 = 4*s. What is the remainder when z is divided by s?
4
Let l(m) = m**3 - 6*m**2 + m + 2. Let u be l(6). Suppose -3*p + u = p, -2*d = -5*p - 138. What is the remainder when d is divided by -2*57/(-6) - -1?
14
Let f = 8288 - 8090. What is the remainder when 255 is divided by f?
57
Let s(c) = c**3 - 7*c**2 - 2*c + 16. Let u be s(7). Suppose -y + f + 20 = 0, -y + 2*y - 24 = u*f. What is the remainder when 89 is divided by y?
9
Suppose 5*z + 0*z = -5*f + 50, 0 = -f + 5*z - 20. Suppose -f*o + 10*o + 5*l = 65, o - 17 = l. What is the remainder when 58 is divided by o?
13
Suppose 5*f + c = 1013 + 175, -6 = 3*c. What is the remainder when f is divided by 42?
28
Let c(v) = 317*v - 305. Let x be c(1). Suppose -7*h - 4*b = -3*h - 416, -2*h - 4*b + 212 = 0. Let t = h - x. Calculate the remainder when t is divided by 31.
28
Let j(x) = -17*x + 206. Let q(y) = 11*y - 138. Let z(s) = -5*j(s) - 8*q(s). What is the remainder when 43 is divided by z(23)?
3
Suppose 2*a + 4 - 20 = 0. Let g = 140 + -314. Let b = g + 211. Calculate the remainder when b is divided by a.
5
Let g(q) = -12*q. Let v be g(1). Let f be (-6)/(-2) - (-2 - (-36)/(-9)). What is the remainder when 165 is divided by f/v - (0 - 684/16)?
39
Suppose 299 = -706*c + 696*c + 7019. What is the remainder when c is divided by 27?
24
Suppose 30380 = 2*o - 4*d, 2*o - 30356 = -29*d + 27*d. Calculate the remainder when o is divided by 208.
206
Let j be (-5 + 1578/(-12))*8/(-6). Let w = -169 + j. Calculate the remainder when 62 is divided by w.
10
Let w(r) = -58*r**3 - 2*r**2 - r. Let g be 2/3*(-18)/12. Suppose 75*p = 127 + 1373. Calculate the remainder when w(g) is divided by p.
17
Let n(j) = -75*j + 89. Let d(x) = -23*x + 30. Let h(r) = 13*d(r) - 4*n(r). What is the remainder when 269 is divided by h(-24)?
9
Suppose -5*w = 3*j - 192, w + 0*j + 3*j = 48. Suppose -3*x + w = -0*x. Calculate the remainder when 23 is divided by x.
11
Suppose 0 = 22*b - 939 - 1195. What is the remainder when b is divided by 45?
7
Let j = 1813 - 1796. Let q = 0 + 2. Let f = 6 - q. Calculate the remainder when j is divided by f.
1
Let s = -22437 + 22559. What is the remainder when 1192 is divided by s?
94
Suppose -s + 2*q + 141 + 438 = 0, 575 = s - 3*q. Let k = s - 290. Calculate the remainder when k is divided by 50.
47
Let z be 10/1 + 0/1. Suppose 0 = 2*d - 14 - z. Let m = 90 + -31. What is the remainder when m is divided by d?
11
Calculate the remainder when 191 is divided by (-61)/((-305)/30) + (2*82 - 2).
23
Let h = -13 - -18. Suppose 2*y + 41 = k + 48, 5*k = y - 8. What is the remainder when h is divided by y?
2
Suppose 43*b = a + 46*b - 755, -3*a - 3*b + 2295 = 0. Calculate the remainder when a is divided by 756.
14
Suppose -58 - 10 = -4*l. Let n(h) = -2*h**3 + 16*h**2 + 7*h - 8. Let i be (16/(-4))/((-1)/2). Calculate the remainder when n(i) is divided by l.
14
Suppose -2*r + 97 + 19 = -3*i, -3*r - 183 = 4*i. Let z = i + 54. Suppose -13*w + 17 = -z*w. Calculate the remainder when 31 is divided by w.
14
Suppose -w = -99*s + 103*s - 482, w = s + 497. What is the remainder when 1488 is divided by w?
6
Let p = 1789 + -1750. What is the remainder when 106 is divided by p?
28
Suppose 130*v - 265*v + 4284 = -131*v. Calculate the remainder when v is divided by 135.
126
Let t = 16844 + -14823. What is the remainder when t is divided by 503?
9
Suppose 0 = -3*l + 2*l + 3. Calculate the remainder when (308/35)/(l/15) is divided by 15.
14
Let y(j) = j**2 - j + 32. Calculate the remainder when 124 is divided by y(-7).
36
Let u(q) = 108*q - 496. Calculate the remainder when u(19) is divided by 65.
61
Let o = -58 + 90. Suppose 0 = n - 3*n + 10. Suppose -8 = 4*u, 4*u = -n*k + 4 + 33. Calculate the remainder when o is divided by k.
5
Let a(c) = 2*c + 18 + c**2 + 6*c - 10. Let r be a(-10). Suppose -2*g + r = t + 1, 4*t - 108 = -4*g. What is the remainder when 51 is divided by t?
24
Let j(d) = d + 3. Let i be j(-5). Let y(o) = -5*o + 72. Calculate the remainder when y(-5) is divided by ((-12)/18)/(i/42).
13
Calculate the remainder when ((-12)/18 - (-24)/18)/(10/22935) is divided by 13.
8
Suppose 13*s = 2*i + 9*s - 32, 3*i + 3*s - 39 = 0. Calculate the remainder when 501/12 + (45/12)/(-5) is divided by i.
13
Let m = -71 - -76. Suppose y + 3*h = -m, 4*y + 0*y + 2*h - 20 = 0. Let k(r) = 3*r - 12. Calculate the remainder when 14 is divided by k(y).
5
Let a be (-800)/320*(-1 + (-2)/(-10)). Suppose 3*t + 375 = 4*g - 785, -a*g - 2*t + 566 = 0. Calculate the remainder when g is divided by 14.
7
Let k be (-2)/4*(-8 + -68). Suppose -4281 + 823 = -k*z. What is the remainder when z is divided by 46?
45
Suppose 0 = -4*y - 16*y. Suppose y = 40*s - 792 - 888. Calculate the remainder when 125 is divided by s.
41
Let h = 61 - -58. Let g = -68 + h. Calculate the remainder when 456 is divided by g.
48
Let x = -56 + 66. Let a = 19 + x. Suppose -4*v + 344 = 4*z + 116, 2*z = v - 54. What is the remainder when v is divided by a?
27
What is the remainder when (-4)/8 + (-8)/((-272)/86683) is divided by 85?
84
Let o(c) = 2*c**3 + 15*c**2 + 16*c + 2. Let b be o(-6). What is the remainder when 182/39*552/b is divided by 59?
7
Let x = 385 - 351. What is the remainder when 5301 is divided by x?
31
Let g(v) = 3*v. Suppose 4*x - 2 = 2*o, -9*x + o = -4*x - 7. Suppose -h + u + 2 = 0, 2*h + 3*u - x = 7*u. Calculate the remainder when 42 is divided by g(h).
6
Calculate the remainder when ((-2)/(-8))/((-50)/(-112400)) is divided by 40.
2
Let i(d) = d**2 - 15*d - 1984. What is the remainder when i(67) is divided by 168?
156
Let w(h) = -3*h**2 + 78*h + 90. What is the remainder when 234 is divided by w(0)?
54
Suppose -5*s + 5 = -v - 6, 5*s + 4*v - 31 = 0. Suppose 4*u = -s*i + 178, -2*u + 53 = -3*i + 225. What is the remainder when i is divided by 34?
24
Let w = -15910 - -16028. What is the remainder when 4955 is divided by w?
117
Let j = -40 - -55. Let b = j - -10. Calculate the remainder when 43 is divided by b.
18
Calculate the remainder when 1889 is divided by (-3)/(-2) - ((-17)/(238/(-3836)))/(-4).
69
Suppose -277*t - 765 = -282*t. Let c = 174 - t. Calculate the remainder when 60 is divided by c.
18
Suppose y + 52 = 3*y. Suppose 2845*l = 2800*l + 3285. What is the remainder when l is divided by y?
21
Let m = 2605 - 2548. What is the remainder when m is divided by 12?
9
Suppose 762 = -4*w - 2*c - 708, -4*c + 1130 = -3*w. Let v = w + 422. What is the remainder when 58 is divided by v?
6
Let h = -3520 + 3831. What is the remainder when h is divided by 177?
134
Suppose -3*z = h + 2*z - 25, 5*z = -4*h + 85. Let g = 175 + -104. Calculate the remainder when g is divided by h.
11
Calculate the remainder when -5*(224/(-30) - (-